8 divide 2952701406?
True
Does 4651 divide 689008669?
False
Does 8 divide 610228197?
False
Does 52 divide 155857572?
True
Is 144 a factor of 285322824?
False
Is 7293384 a multiple of 87?
True
Does 6170 divide 1533438097?
False
Is 22839894 a multiple of 79?
False
Is 471 a factor of 1168217014?
False
Is 322566428 a multiple of 3276?
False
Does 39 divide 203860098?
True
Does 286 divide 2069674015?
False
Does 151 divide 10258185?
True
Is 8 a factor of 25214281?
False
Does 354 divide 24540696?
True
Is 14 a factor of 3457090?
True
Is 116 a factor of 30713947?
False
Is 10 a factor of 42554950?
True
Does 397 divide 67504617?
False
Is 199715012 a multiple of 1262?
False
Is 17 a factor of 431420220?
True
Is 636 a factor of 750732492?
True
Is 19344710 a multiple of 18?
False
Does 5741 divide 442372933?
False
Does 3995 divide 121244255?
True
Is 494 a factor of 1017590600?
True
Is 666096566 a multiple of 584?
False
Is 1615 a factor of 9846655?
True
Does 302 divide 19085796?
True
Does 46 divide 36989841?
False
Is 729 a factor of 66224547?
True
Does 928 divide 209689952?
True
Does 811 divide 47652341?
False
Is 9072048 a multiple of 12?
True
Does 3443 divide 128689738?
False
Is 25 a factor of 420671600?
True
Is 14 a factor of 275886618?
True
Does 385 divide 375985610?
True
Is 418 a factor of 28085002?
True
Is 166 a factor of 54149366?
True
Is 201557695 a multiple of 2091?
False
Does 11 divide 72161078?
True
Does 10 divide 18640587?
False
Is 642019641 a multiple of 93?
True
Is 146 a factor of 672782775?
False
Is 122688108 a multiple of 9?
True
Is 6808125 a multiple of 375?
True
Is 383545 a multiple of 523?
False
Is 1340414976 a multiple of 366?
True
Does 6 divide 14260857?
False
Does 60 divide 3815194?
False
Does 54 divide 103411620?
True
Is 139742414 a multiple of 98?
True
Does 2772 divide 161449596?
True
Is 9 a factor of 259012387?
False
Is 240 a factor of 282600240?
True
Is 134729019 a multiple of 2415?
False
Does 2 divide 742591?
False
Does 423 divide 5868279?
True
Is 51 a factor of 322790903?
False
Is 4683663 a multiple of 27?
True
Is 18677908 a multiple of 76?
False
Is 29 a factor of 1386807?
False
Is 3254369 a multiple of 209?
False
Is 319647208 a multiple of 962?
False
Is 15 a factor of 88492855?
False
Is 209008100 a multiple of 20?
True
Does 63 divide 83593377?
True
Is 92 a factor of 846746380?
True
Is 2845 a factor of 960745120?
True
Is 8298 a factor of 306524835?
False
Does 269 divide 76063885?
False
Does 2524 divide 99811580?
True
Does 16 divide 35714347?
False
Is 247 a factor of 193224?
False
Is 27 a factor of 203432688?
True
Is 32540444 a multiple of 7?
False
Is 71129042 a multiple of 648?
False
Does 16 divide 260252351?
False
Is 237095696 a multiple of 817?
False
Is 9 a factor of 30645633?
False
Is 29838960 a multiple of 12?
True
Is 6056999 a multiple of 59?
True
Is 36011750 a multiple of 1018?
True
Is 98854174 a multiple of 2857?
False
Does 10385 divide 1732438465?
False
Is 154026423 a multiple of 9?
True
Is 6929 a factor of 3586012435?
False
Does 407 divide 97114270?
True
Is 1801 a factor of 15223448?
False
Is 126918652 a multiple of 4360?
False
Is 177 a factor of 122134649?
False
Does 29 divide 22949521?
False
Is 40481792 a multiple of 14?
False
Does 93 divide 876713187?
False
Does 686 divide 126723587?
False
Does 8 divide 1127513616?
True
Is 46271781 a multiple of 25?
False
Is 2 a factor of 234552?
True
Does 13 divide 126991756?
False
Does 599 divide 41095423?
False
Does 59 divide 92340845?
False
Is 856 a factor of 18161752?
True
Is 1477817988 a multiple of 93?
True
Does 5 divide 10623940?
True
Is 9 a factor of 164825023?
False
Is 67830145 a multiple of 199?
True
Is 30355011 a multiple of 14?
False
Does 171 divide 2846546712?
True
Is 9 a factor of 8468109?
True
Does 238 divide 2215141967?
False
Is 387 a factor of 62743149?
True
Is 400 a factor of 304774543?
False
Does 12 divide 4624479?
False
Does 51 divide 1778103168?
True
Is 30 a factor of 173760?
True
Is 184390907 a multiple of 5093?
False
Is 1804634625 a multiple of 2875?
True
Is 342583612 a multiple of 203?
True
Is 1043 a factor of 1847772901?
False
Does 320 divide 173360571?
False
Is 16 a factor of 116052672?
True
Is 32 a factor of 46026716?
False
Is 2 a factor of 26535385?
False
Is 10 a factor of 411732?
False
Is 60167749 a multiple of 9?
False
Does 79 divide 298090226?
True
Is 58574890 a multiple of 3627?
False
Does 2105 divide 34587255?
True
Is 680673124 a multiple of 1611?
False
Is 6341041 a multiple of 3?
False
Is 10 a factor of 12306679?
False
Does 164 divide 8341618264?
True
Is 11 a factor of 645741285?
False
Does 1495 divide 882686402?
False
Is 39 a factor of 5293032?
False
Is 48093500 a multiple of 325?
True
Is 6647467027 a multiple of 4038?
False
Is 386455241 a multiple of 45?
False
Is 4501 a factor of 65503053?
True
Is 82 a factor of 1160604766?
False
Is 4 a factor of 5392968?
True
Does 14 divide 3238382252?
True
Is 123 a factor of 2532008259?
True
Does 4706 divide 249508339?
False
Is 659473966 a multiple of 46?
False
Does 758 divide 2444011820?
True
Is 1039 a factor of 190447661?
True
Is 46 a factor of 1366476?
True
Is 669060066 a multiple of 1301?
True
Is 29 a factor of 2478553148?
False
Is 122972348 a multiple of 79?
True
Does 13385 divide 576850253?
False
Is 78 a factor of 357011263?
False
Is 84689748 a multiple of 528?
False
Does 1622 divide 4200980?
True
Is 248341592 a multiple of 9?
False
Does 14683 divide 1085000285?
True
Is 240 a factor of 408457784?
False
Does 3451 divide 96969795?
False
Is 178 a factor of 127243839?
False
Is 54586430 a multiple of 38?
True
Does 12 divide 94884180?
True
Is 288 a factor of 30797671?
False
Does 248 divide 147115484?
False
Is 859722843 a multiple of 19?
False
Is 972 a factor of 68544468?
True
Does 30 divide 45649081?
False
Is 11 a factor of 24589814?
False
Is 19 a factor of 1343872703?
False
Is 248350988 a multiple of 1176?
False
Is 711 a factor of 395659427?
False
Is 6 a factor of 21270947?
False
Does 231 divide 3362773969?
False
Is 91986030 a multiple of 1026?
True
Is 1341827298 a multiple of 4429?
False
Does 65 divide 977602470?
True
Is 3841 a factor of 453581152?
False
Is 3 a factor of 35656155?
True
Does 264 divide 59227608?
True
Does 38 divide 500667232?
False
Is 100769130 a multiple of 2442?
True
Is 81 a factor of 50482764?
True
Does 25 divide 2516932375?
True
Is 66 a factor of 90784405?
False
Does 225 divide 329594625?
True
Is 8 a factor of 735835193?
False
Does 18 divide 2290602294?
True
Is 7 a factor of 34875449?
True
Does 276 divide 566888479?
False
Does 10 divide 118393443?
False
Is 1321 a factor of 31060673?
True
Does 652 divide 104876207?
False
Is 408 a factor of 477690480?
True
Does 15 divide 691777918?
False
Is 418167474 a multiple of 47?
False
Is 706119909 a multiple of 3749?
False
Is 229 a factor of 46192506?
True
Does 1095 divide 1127504494?
False
Is 8 a factor of 26120006?
False
Is 4457277 a multiple of 3?
True
Is 120440070 a multiple of 102?
True
Does 17 divide 78836871?
True
Is 3167034 a multiple of 494?
True
Is 21869110 a multiple of 35?
False
Does 45 divide 60476601?
False
Does 1255 divide 543165755?
False
Is 19946720 a multiple of 6?
False
Is 32726337 a multiple of 1359?
False
Is 23173108 a multiple of 356?
True
Is 55 a factor of 902270545?
True
Does 16 divide 21857088?
True
Is 2654162667 a multiple of 921?
True
Is 652707384 a multiple of 952?
True
Is 135252320 a multiple of 280?
True
Does 59 divide 102481761?
True
Is 63 a factor of 2810997567?
True
Is 1019014902 a multiple of 123?
True
Is 6007540 a multiple of 329?
True
Is 519365778 a multiple of 523?
False
Is 17 a factor of 32483547?
False
Is 68 a factor of 82647078?
False
Is 58675085 a multiple of 29?
False
Is 75606613 a multiple of 19?
False
Is 16417756 a multiple of 284?
True
Does 131 divide 13172203?
False
Does 89 divide 14570003?
False
Does 192 divide 19162460?
False
Is 22239700 a multiple of 353?
False
Is 29 a factor of 425934192?
False
Is 108 a factor of 130676821?
False
Is 53750999 a multiple of 36?
False
Is 116690520 a multiple of 6?
True
Is 273311929 a multiple of 2052?
False
Is 295402653 a multiple of 21?
True
Does 5947 divide 281522786?
False
Is 385284182 a multiple of 12298?
False
Is 4015713 a multiple of 7?
False
Is 66 a factor of 19737682